{"id":329,"date":"2025-11-11T14:57:54","date_gmt":"2025-11-11T13:57:54","guid":{"rendered":"https:\/\/www.kristetmingel.se\/?page_id=329"},"modified":"2025-11-23T19:41:24","modified_gmt":"2025-11-23T18:41:24","slug":"om-km","status":"publish","type":"page","link":"https:\/\/www.kristetmingel.se\/om-km\/","title":{"rendered":"Om KM"},"content":{"rendered":"\t\t<div data-elementor-type=\"wp-page\" data-elementor-id=\"329\" class=\"elementor elementor-329\">\n\t\t\t\t<div class=\"elementor-element elementor-element-440121c e-flex e-con-boxed e-con e-parent\" data-id=\"440121c\" data-element_type=\"container\" data-settings=\"{&quot;background_background&quot;:&quot;classic&quot;}\">\n\t\t\t\t\t<div class=\"e-con-inner\">\n\t\t<div class=\"elementor-element elementor-element-c1aad1b e-con-full e-flex e-con e-child\" data-id=\"c1aad1b\" data-element_type=\"container\">\n\t\t\t\t<div class=\"elementor-element elementor-element-bc6fb1f elementor-widget elementor-widget-image\" data-id=\"bc6fb1f\" data-element_type=\"widget\" data-widget_type=\"image.default\">\n\t\t\t\t\t\t\t\t\t\t\t\t\t\t\t<img fetchpriority=\"high\" decoding=\"async\" width=\"800\" height=\"534\" src=\"https:\/\/www.kristetmingel.se\/wp-content\/uploads\/2025\/11\/PixelBin-AI-Editor-1763920324582.png\" class=\"attachment-large size-large wp-image-1142\" alt=\"\" srcset=\"https:\/\/www.kristetmingel.se\/wp-content\/uploads\/2025\/11\/PixelBin-AI-Editor-1763920324582.png 1000w, https:\/\/www.kristetmingel.se\/wp-content\/uploads\/2025\/11\/PixelBin-AI-Editor-1763920324582-300x200.png 300w, https:\/\/www.kristetmingel.se\/wp-content\/uploads\/2025\/11\/PixelBin-AI-Editor-1763920324582-768x512.png 768w, https:\/\/www.kristetmingel.se\/wp-content\/uploads\/2025\/11\/PixelBin-AI-Editor-1763920324582-600x400.png 600w\" sizes=\"(max-width: 800px) 100vw, 800px\" \/>\t\t\t\t\t\t\t\t\t\t\t\t\t\t\t<\/div>\n\t\t\t\t<\/div>\n\t\t<div class=\"elementor-element elementor-element-89aae21 e-con-full e-flex e-con e-child\" data-id=\"89aae21\" data-element_type=\"container\">\n\t\t\t\t<div class=\"elementor-element elementor-element-9d7819a elementor-widget elementor-widget-heading\" data-id=\"9d7819a\" data-element_type=\"widget\" data-widget_type=\"heading.default\">\n\t\t\t\t\t<h1 class=\"elementor-heading-title elementor-size-default\">Mer \u00e4n en dejtingsajt<\/h1>\t\t\t\t<\/div>\n\t\t\t\t<\/div>\n\t\t\t\t\t<\/div>\n\t\t\t\t<\/div>\n\t\t<div class=\"elementor-element elementor-element-42abcce e-flex e-con-boxed e-con e-parent\" data-id=\"42abcce\" data-element_type=\"container\" data-settings=\"{&quot;background_background&quot;:&quot;classic&quot;}\">\n\t\t\t\t\t<div class=\"e-con-inner\">\n\t\t<div class=\"elementor-element elementor-element-4f4acac e-con-full e-flex e-con e-child\" data-id=\"4f4acac\" data-element_type=\"container\">\n\t\t\t\t<div class=\"elementor-element elementor-element-d36422b elementor-widget elementor-widget-text-editor\" data-id=\"d36422b\" data-element_type=\"widget\" data-widget_type=\"text-editor.default\">\n\t\t\t\t\t\t\t\t\t<p><span style=\"font-weight: 400;\">KRISTET MINGEL \u00e4r en relationsinriktad plattform med fokus p\u00e5 kristen gemenskap och kristna relationer, p\u00e5 biblisk grund. Vi fungerar som relationskonsult \u2013 b\u00e5de i allm\u00e4nna fr\u00e5gor om relationer och mer specifikt kring relationer mellan kristna, kristna ledare och troende makar, liksom f\u00f6r dig som befinner dig i en p\u00e5g\u00e5ende eller spirande relation. S\u00f6ker du en framtida partner och livskamrat, i kristen kontext, har du allts\u00e5 kommit r\u00e4tt. Vi finns ocks\u00e5 f\u00f6r dig som brottas med ensamhet och l\u00e4ngtar efter tillh\u00f6righet och v\u00e4nskap.<\/span><\/p>\n<p><span style=\"font-weight: 400;\">Med akademisk kompetens inom bland annat konflikthantering och mentorskap, samt m\u00e5ng\u00e5rig erfarenhet av arbete med h\u00e5llbara relationer, erbjuder vi st\u00f6d f\u00f6r individer, par och grupper. V\u00e5rt m\u00e5l \u00e4r att fr\u00e4mja genuin f\u00f6rst\u00e5else och minska polarisering i kristna sammanhang.<\/span><\/p>\t\t\t\t\t\t\t\t<\/div>\n\t\t\t\t<\/div>\n\t\t<div class=\"elementor-element elementor-element-0c36c90 e-con-full e-flex e-con e-child\" data-id=\"0c36c90\" data-element_type=\"container\">\n\t\t\t\t<div class=\"elementor-element elementor-element-c495759 elementor-widget elementor-widget-image\" data-id=\"c495759\" data-element_type=\"widget\" data-widget_type=\"image.default\">\n\t\t\t\t\t\t\t\t\t\t\t\t\t\t\t<img decoding=\"async\" width=\"800\" height=\"448\" src=\"https:\/\/www.kristetmingel.se\/wp-content\/uploads\/2025\/11\/PixelBin-AI-Editor-1763920003288.png\" class=\"attachment-large size-large wp-image-1141\" alt=\"\" srcset=\"https:\/\/www.kristetmingel.se\/wp-content\/uploads\/2025\/11\/PixelBin-AI-Editor-1763920003288.png 1000w, https:\/\/www.kristetmingel.se\/wp-content\/uploads\/2025\/11\/PixelBin-AI-Editor-1763920003288-300x168.png 300w, https:\/\/www.kristetmingel.se\/wp-content\/uploads\/2025\/11\/PixelBin-AI-Editor-1763920003288-768x430.png 768w, https:\/\/www.kristetmingel.se\/wp-content\/uploads\/2025\/11\/PixelBin-AI-Editor-1763920003288-600x336.png 600w\" sizes=\"(max-width: 800px) 100vw, 800px\" \/>\t\t\t\t\t\t\t\t\t\t\t\t\t\t\t<\/div>\n\t\t\t\t<\/div>\n\t\t\t\t\t<\/div>\n\t\t\t\t<\/div>\n\t\t\t\t<\/div>\n\t\t","protected":false},"excerpt":{"rendered":"<p>Mer \u00e4n en dejtingsajt KRISTET MINGEL \u00e4r en relationsinriktad plattform med fokus p\u00e5 kristen gemenskap och kristna relationer, p\u00e5 biblisk grund. Vi fungerar som relationskonsult \u2013 b\u00e5de i allm\u00e4nna fr\u00e5gor [&hellip;]<\/p>\n","protected":false},"author":1,"featured_media":0,"parent":0,"menu_order":41,"comment_status":"closed","ping_status":"closed","template":"","meta":{"_bbp_topic_count":0,"_bbp_reply_count":0,"_bbp_total_topic_count":0,"_bbp_total_reply_count":0,"_bbp_voice_count":0,"_bbp_anonymous_reply_count":0,"_bbp_topic_count_hidden":0,"_bbp_reply_count_hidden":0,"_bbp_forum_subforum_count":0,"two_page_speed":[],"footnotes":""},"class_list":["post-329","page","type-page","status-publish","hentry"],"_links":{"self":[{"href":"https:\/\/www.kristetmingel.se\/index.php\/wp-json\/wp\/v2\/pages\/329","targetHints":{"allow":["GET"]}}],"collection":[{"href":"https:\/\/www.kristetmingel.se\/index.php\/wp-json\/wp\/v2\/pages"}],"about":[{"href":"https:\/\/www.kristetmingel.se\/index.php\/wp-json\/wp\/v2\/types\/page"}],"author":[{"embeddable":true,"href":"https:\/\/www.kristetmingel.se\/index.php\/wp-json\/wp\/v2\/users\/1"}],"replies":[{"embeddable":true,"href":"https:\/\/www.kristetmingel.se\/index.php\/wp-json\/wp\/v2\/comments?post=329"}],"version-history":[{"count":10,"href":"https:\/\/www.kristetmingel.se\/index.php\/wp-json\/wp\/v2\/pages\/329\/revisions"}],"predecessor-version":[{"id":1186,"href":"https:\/\/www.kristetmingel.se\/index.php\/wp-json\/wp\/v2\/pages\/329\/revisions\/1186"}],"wp:attachment":[{"href":"https:\/\/www.kristetmingel.se\/index.php\/wp-json\/wp\/v2\/media?parent=329"}],"curies":[{"name":"wp","href":"https:\/\/api.w.org\/{rel}","templated":true}]}}